?
1
Suppose m + 243 = 2*t, -3*m - 480 = -4*t + m. Suppose 0 = 3*s - 195 - t. What is the tens digit of s?
0
Suppose 0 = 2*p + h - 2193, 3*p + 20*h = 17*h + 3285. What is the hundreds digit of p?
0
Let x(d) = -d + 13. Let u be x(9). Suppose 140 = u*v - 4*g, -g + 28 = 2*v - 42. What is the units digit of v?
5
Let g be ((-12)/4)/3 - 4. What is the tens digit of (56 - -2)*(g - -6)?
5
Suppose -4*d = 4, -d = 3*z + 3*d - 5. Suppose -2*i + z = -i. Let c = i - 1. What is the units digit of c?
2
Let x = -679 + 1159. What is the units digit of x?
0
Suppose 68 = -2*s - s - 4*u, 2*s + 2*u + 46 = 0. Let f = 75 + -87. Let x = f - s. What is the units digit of x?
2
Let m(w) = -6*w**2 + 0*w**2 - 2*w + 7*w**2 - 7*w**3 - 2. What is the units digit of m(-1)?
8
Let y(i) be the second derivative of 8*i**3/3 - 31*i. What is the units digit of y(7)?
2
Suppose 0*n - 6*n = -30. Suppose n*g + 5*s - 2*s = 258, -3*g + 5*s + 148 = 0. What is the tens digit of g?
5
Suppose 1 - 2 = w. Let a(p) = -4*p - 2. Let y be a(w). Suppose 32 = x - y*l - 15, -41 = -x + 4*l. What is the units digit of x?
3
Let p(l) = l**3 - 26*l**2 + 11*l - 64. What is the hundreds digit of p(27)?
9
Let z = 746 - 480. What is the tens digit of z?
6
Let y(l) be the first derivative of 2*l**3/3 - 5*l**2/2 - 13*l + 7. What is the units digit of y(6)?
9
Suppose 0 = -r + 4*r - 21. Suppose 0 = r*c - 6*c - 2. Let i(b) = 10*b**2 + 2*b. What is the tens digit of i(c)?
4
Suppose 31*q = 36*q - 2715. What is the tens digit of q?
4
Let g = 30 + -36. What is the tens digit of (-4)/g*(-1881)/(-38)?
3
Suppose 4*z - 3*z = 5*k - 68, 5*z + 225 = 2*k. Let u = z - -114. What is the units digit of u?
1
Let l(w) = w**3 + 10*w**2 + 5*w + 10. Let c be (-13)/2 + (-4)/(2 - -6). What is the tens digit of l(c)?
2
Let r(f) = -f**2 + 13*f - 16. Let a be r(7). Let g = -24 + a. What is the units digit of g?
2
What is the tens digit of (-23)/(-184) + 1/(16/15870)?
9
Suppose -4*a = 20, -3*p + 2*a + a = 153. Suppose -784 = 17*t - 206. Let z = t - p. What is the tens digit of z?
2
Let b = -893 - -1276. What is the units digit of b?
3
Suppose 7*j - 9*j - 3*d = -819, 3*j + 4*d = 1231. What is the units digit of j?
7
Suppose 12*x - 10*x + 3*o - 1678 = 0, 0 = o + 4. What is the tens digit of x?
4
Let o(k) = -27*k + 3. Let t be o(-3). Suppose -6*w + t = -2*w. What is the tens digit of w?
2
Let i(z) = 111*z - 35. What is the units digit of i(3)?
8
Let d = -6 - -10. Suppose 3*z = -0*m + 2*m + 9, -d*z = -5*m - 12. Suppose -z*l = -5*t - 4*l + 125, -5*t + 3*l + 145 = 0. What is the tens digit of t?
2
Suppose -4744 = -3*w + 5*q, 51*w + 1582 = 52*w - q. What is the tens digit of w?
8
Let x = 2 - 0. Let n be 17 - 14 - -2*x. What is the units digit of 102/n + 8/(-14)?
4
Let l be 1 + 170 + 2 + (1 - 3). Suppose -3*j = -6*j - 3*b + l, -b = -5*j + 255. What is the units digit of j?
2
Suppose 10*a - 12 = 7*a. Let m = 10 - a. Let p(i) = i**3 - 7*i**2 + 7*i. What is the units digit of p(m)?
6
Let d(a) = -a**3 - 16*a**2 - 6*a - 44. What is the hundreds digit of d(-17)?
3
Suppose -2*n - 2*k + 82 = k, 0 = -5*n - 5*k + 210. Suppose -6*w - 4*w - 300 = 0. Let p = w + n. What is the tens digit of p?
1
Suppose -2*m + 2*b = -366, -m + 5*b + 185 = 3*b. Let u = m + -83. Let q = u + -43. What is the units digit of q?
5
Suppose n = 4*g - 20, -3*n + 0*g - 5*g = -25. Suppose 25 = 5*v - 0*v, 0 = -u - v + 7. Suppose -u*l + 21 - 1 = n. What is the units digit of l?
0
Let k = -968 - -1395. What is the units digit of k?
7
Let a be (-4)/14 + 825/21. Let p = a - 31. What is the units digit of p?
8
What is the tens digit of (-1)/4 + (-1917)/(-4)?
7
Let z be (-206)/4*(28/7 + -2). Let q = z - -274. What is the hundreds digit of q?
1
Let m(j) = -j + 11. Let v be m(0). Suppose -5*l = -v - 4. Suppose 0 = 2*n + l*n - 155. What is the tens digit of n?
3
Let z(o) = -19*o + 16. Suppose -13*a + 17*a + 20 = 0. What is the tens digit of z(a)?
1
Let s(u) = -16*u - 20. Let g be s(-6). What is the tens digit of (-7 + g)/(6/4)?
4
Suppose -56 + 301 = 5*s. Suppose 4*i - 148 = -3*v + s, v - 99 = -2*i. What is the tens digit of i?
5
Suppose -o + 22546 = 5*x, -5*x + 22566 = -22*o + 18*o. What is the hundreds digit of x?
5
Suppose -3*b - 2*j = -619, 4*b + j - 412 = 2*b. Let a = b - 143. What is the units digit of a?
2
Let w(p) = -p**3 - 10*p**2 - p - 8. Let v be w(-10). Let y(q) = 38*q - 3. What is the units digit of y(v)?
3
Let f = 10 - 8. Suppose -f*d + 2*i - i = 58, i + 29 = -d. What is the tens digit of (-2)/1 + 2 - d?
2
Let k(i) = -2*i**3 - 12*i**2 + 17*i - 10. What is the hundreds digit of k(-8)?
1
Let r(q) = 7*q**2 - 4*q + 6. Let c be r(-4). Let l = c + -81. What is the units digit of l?
3
Suppose 4*g + 2 = 6*g + 4*d, -3*d = -2*g + 16. Suppose t = g, c = -3*c + 4*t + 276. What is the tens digit of c?
7
Let m be -2*2/(-24) + 11/6. Suppose -g + 5*k = k + 2, -2*g - m*k + 16 = 0. What is the units digit of g?
6
Let j(t) = -38*t + 4. Let a be j(-2). What is the units digit of (20/a)/((-1)/(-244))?
1
Let t = 2 + 0. Suppose -q + 3*q - t*v - 118 = 0, 2*q - 124 = -4*v. What is the tens digit of q?
6
Let l = -40 - -42. Suppose 3*g = j - 309, l*j + g = -j + 947. What is the tens digit of j?
1
Let q(x) = 2*x + 3. Let d be (-2)/10 + 126/30. Suppose m = 3 + d. What is the units digit of q(m)?
7
Let o(m) = m**2 + m + 3. Let w be o(0). Suppose 0*v = -w*v + 9. Suppose -4*j + 2 = -v*j. What is the units digit of j?
2
Let h(l) = l**3 + 31*l**2 - 96*l + 49. What is the units digit of h(-32)?
7
Let n = 654 - 369. Suppose 0 = -59*g + 62*g - n. What is the units digit of g?
5
What is the units digit of (-16874)/(-14) - 10/70*2?
5
Let c(g) = -7*g + 2. Let n(r) = r**3 - 8*r**2 + 9*r + 4. Let u be n(7). Suppose 4*i = -2*h - u, -6 - 4 = -2*h + 3*i. What is the units digit of c(h)?
9
Let d be (-13)/3 - (-20)/(-30). Let r(o) = o - 2. Let x(v) = -3*v + 5. Let t(j) = 9*r(j) + 4*x(j). What is the units digit of t(d)?
7
Suppose 10*i - 601 = 1199. What is the hundreds digit of i?
1
Let f(p) = 3144*p**3 + 9*p**2 - 11*p + 4. What is the units digit of f(1)?
6
What is the tens digit of (9/(-12))/((-24)/18112)?
6
Let y(i) = i**3 - 10*i**2 + 8*i + 12. Let x be y(9). Suppose l = -4*r + 2, -5 = 3*l + 5*r + x. What is the units digit of (-5 + 8)/((-9)/l)?
2
Let o = 97 + 232. What is the units digit of o?
9
Let x(i) = 9*i**2 - 116*i + 23. What is the hundreds digit of x(21)?
5
Let g(b) = -11*b + 5. Let o(m) = -m**3 + 3*m**2 + 5*m - 1. Let l be o(4). Suppose -5*h - 23 = l*w - 2*w, h + 2*w + 1 = 0. What is the tens digit of g(h)?
6
Let a = 334 + -905. Let q be a/(-7) + 32/(-56). Let t = -31 + q. What is the tens digit of t?
5
Suppose 0 = -3*l + 2 + 1. Let m = 3 + 17. Let w = m + l. What is the units digit of w?
1
What is the hundreds digit of -4 - (0 + 0 - (446 + -3))?
4
Let r be 67*(1*-4 - (-4 - -3)). Let t = -80 - r. What is the units digit of t?
1
What is the units digit of (-3 + (-1 - -2))*5/(-2)?
5
Suppose 4*j - 4*c - 1720 = 0, 7*j = 8*j + 4*c - 410. What is the tens digit of j?
2
Let d(x) = -14*x - 2. Let c be d(-2). Suppose -66 + 26 = 5*b - 2*y, b - 4*y = -c. What is the tens digit of (-1 + b)*24/(-14)?
1
Let q(j) = -j**2 - j - 6. Let u be q(-3). Let b = u + 16. Suppose 4*t - 3*t - d - 35 = 0, -5*d - 142 = -b*t. What is the units digit of t?
3
Let g = -6630 + 10585. What is the units digit of g?
5
Let o(f) = -610*f - 30. What is the hundreds digit of o(-1)?
5
Suppose 27 = j - 5*o, o + 19 = 2*j - 2*o. Suppose -52 - 20 = -j*s - 4*t, -20 = -4*t. What is the units digit of s?
6
Suppose 65*x = 17629 + 24621. What is the hundreds digit of x?
6
Let q be -1*1*-6 - -1. Let f be 9*(-1 + q/3). What is the tens digit of ((-152)/6)/(f/(-18))?
3
Let h = -44 + 57. Let u(p) = p**2 - 11*p + 10. What is the tens digit of u(h)?
3
Let i(o) = o**2 - 14. Let a be 0 + 98/6 - (-3)/(-9). What is the tens digit of i(a)?
4
Let r(k) = 114*k + 14. Let y be r(5). Suppose 0 = -9*n + y + 298. Let w = 177 - n. What is the units digit of w?
9
Suppose -30 = -9*x + 7*x. Suppose -x - 48 = -7*p. What is the units digit of p?
9
Let w(f) = 13*f - 16. Let l be w(16). What is the tens digit of 7/(21/l) + 2?
6
What is the units digit of (-5300 - (-1 + 7))/((-2)/1)?
3
Let r(v) = 3*v**2 - v. Let q(n) = -3*n**2 + n. Let w(l) = 5*q(l) + 6*r(l). Let f be w(1). Suppose t = -f*t 